 22 and 264638?
22
Calculate the highest common divisor of 1971 and 339669.
657
Calculate the greatest common divisor of 462 and 175791.
231
Calculate the highest common divisor of 216 and 29434968.
216
Calculate the highest common divisor of 427302 and 193.
193
Calculate the greatest common divisor of 238636 and 4.
4
What is the greatest common factor of 8714860 and 616?
308
Calculate the highest common factor of 2160 and 8240.
80
What is the greatest common divisor of 177813 and 276?
69
What is the highest common factor of 150 and 50010?
30
Calculate the highest common factor of 20 and 2560.
20
What is the greatest common factor of 356864 and 11849?
697
What is the greatest common divisor of 18 and 20458278?
18
Calculate the greatest common factor of 1518275 and 165.
55
Calculate the highest common divisor of 8596 and 280.
28
Calculate the greatest common factor of 2792 and 35598.
698
Calculate the greatest common divisor of 26740 and 188440.
140
Calculate the highest common factor of 2752 and 64.
64
What is the greatest common divisor of 2200 and 924?
44
Calculate the highest common factor of 56 and 3747464.
56
What is the greatest common divisor of 3360 and 905940?
420
Calculate the highest common factor of 544 and 82.
2
Calculate the highest common factor of 111707 and 68.
17
What is the highest common divisor of 100242 and 450?
18
What is the highest common factor of 16826 and 7708?
94
What is the highest common divisor of 11347 and 203?
7
What is the greatest common divisor of 189 and 3041010?
189
Calculate the highest common factor of 23031 and 162.
27
Calculate the greatest common divisor of 7400 and 72890.
370
What is the greatest common factor of 72384 and 23374?
754
Calculate the highest common divisor of 804 and 150884.
268
What is the greatest common factor of 29268 and 90?
18
What is the greatest common factor of 861084 and 9180?
1836
What is the highest common factor of 1556970 and 10?
10
What is the highest common divisor of 49734 and 2106?
162
Calculate the greatest common divisor of 3 and 3381.
3
What is the highest common divisor of 12019 and 242501?
707
Calculate the highest common factor of 29299 and 152849.
353
Calculate the highest common factor of 295793 and 689.
53
Calculate the highest common factor of 4398734 and 142.
142
What is the highest common divisor of 407 and 40589?
37
Calculate the greatest common divisor of 24 and 57048.
24
What is the highest common factor of 40 and 104680?
40
Calculate the highest common divisor of 2041 and 2808.
13
What is the greatest common divisor of 5322181 and 706?
353
Calculate the greatest common divisor of 62359 and 55.
11
What is the highest common factor of 52 and 187096?
52
What is the greatest common divisor of 167 and 131429?
167
What is the highest common divisor of 11764 and 136?
68
What is the highest common divisor of 30710 and 216630?
830
What is the highest common factor of 28 and 31096?
4
What is the greatest common divisor of 32043 and 22539?
33
Calculate the highest common factor of 60291 and 102399.
957
What is the highest common factor of 86 and 36679?
43
What is the highest common factor of 360 and 185580?
180
Calculate the greatest common divisor of 118 and 67614.
118
What is the highest common factor of 158 and 263702?
158
What is the greatest common divisor of 639397 and 407?
407
What is the highest common factor of 3332 and 8036?
196
Calculate the greatest common divisor of 16 and 1703888.
16
Calculate the highest common divisor of 334709 and 8503.
773
Calculate the highest common divisor of 57465 and 4410.
45
Calculate the highest common factor of 105 and 422121.
21
What is the highest common divisor of 128593 and 23?
23
What is the greatest common divisor of 5577 and 561?
33
What is the greatest common factor of 15379 and 7?
7
What is the greatest common divisor of 5060 and 6160?
220
Calculate the highest common factor of 199393 and 37.
37
What is the highest common factor of 27038 and 176?
22
What is the greatest common factor of 180063 and 1482?
741
Calculate the greatest common divisor of 2544 and 141033.
159
What is the highest common factor of 30898 and 98?
14
Calculate the greatest common factor of 15 and 10320.
15
What is the highest common factor of 7 and 21644973?
7
Calculate the greatest common divisor of 520 and 68510.
130
Calculate the greatest common factor of 10600 and 41870.
530
Calculate the highest common divisor of 1330 and 172060.
70
What is the highest common divisor of 195 and 21405?
15
Calculate the highest common divisor of 20263 and 23805.
23
Calculate the greatest common factor of 2198 and 170188.
314
What is the highest common divisor of 857597 and 533?
533
Calculate the greatest common divisor of 1064616 and 264.
24
What is the highest common factor of 176098 and 52?
26
What is the highest common divisor of 4118532 and 132?
132
Calculate the highest common factor of 153 and 385322.
17
What is the greatest common divisor of 173 and 167983?
173
Calculate the highest common divisor of 2886 and 532800.
222
Calculate the highest common factor of 31680 and 2585.
55
What is the highest common factor of 6351788 and 516?
172
What is the greatest common divisor of 901 and 59360?
53
What is the highest common factor of 138632 and 688?
344
Calculate the greatest common factor of 4144 and 32368.
112
Calculate the highest common factor of 49 and 33614.
49
Calculate the highest common factor of 96224 and 24.
8
What is the greatest common factor of 7237408 and 64?
32
Calculate the highest common factor of 382283 and 1771.
253
Calculate the greatest common factor of 106884 and 216.
36
What is the highest common divisor of 42 and 149058?
42
Calculate the highest common factor of 715 and 5135.
65
Calculate the highest common factor of 6800 and 167450.
850
Calculate the highest common factor of 6355 and 7657.
31
What is the highest common divisor of 5243 and 182756?
749
What is the highest common factor of 2035 and 1961?
37
What is the highest common factor of 20490 and 45?
15
Calculate the greatest common factor of 746 and 1531165.
373
Calculate the greatest common divisor of 68 and 1647861.
17
What is the greatest common factor of 14241 and 3333?
303
What is the highest common divisor of 1881 and 549945?
99
Calculate the highest common divisor of 259 and 9472.
37
Calculate the highest common factor of 38 and 675944.
38
What is the highest common divisor of 25179 and 51513?
231
Calculate the highest common divisor of 4671 and 3.
3
Calculate the greatest common divisor of 38 and 850307.
19
What is the greatest common divisor of 73646 and 1426?
46
What is the highest common divisor of 29793 and 6?
3
What is the greatest common divisor of 1419 and 231?
33
Calculate the greatest common divisor of 3796 and 46657.
13
What is the greatest common factor of 13328 and 237405?
833
What is the greatest common factor of 227980 and 60?
20
Calculate the greatest common divisor of 258600 and 600.
600
Calculate the greatest common divisor of 60 and 362220.
60
What is the greatest common factor of 2576 and 232806?
322
Calculate the greatest common factor of 4990 and 3110.
10
Calculate the greatest common divisor of 172 and 175784.
172
What is the greatest common divisor of 432 and 14000?
16
Calculate the greatest common factor of 192 and 1116.
12
What is the greatest common factor of 5360 and 7102?
134
What is the greatest common factor of 46216 and 981?
109
Calculate the highest common factor of 312454 and 2.
2
Calculate the highest common divisor of 9088 and 211509.
71
Calculate the greatest common factor of 74709 and 54.
27
Calculate the greatest common factor of 40575 and 285648.
1623
What is the greatest common factor of 40320 and 2115?
45
Calculate the greatest common factor of 46496 and 8.
8
What is the greatest common divisor of 146473 and 213?
71
Calculate the greatest common divisor of 868 and 1695638.
434
Calculate the highest common factor of 13029 and 516.
129
Calculate the highest common divisor of 66108 and 2100.
84
Calculate the greatest common factor of 28 and 575324.
4
Calculate the greatest common divisor of 195 and 674115.
195
Calculate the greatest common factor of 30516 and 8.
4
Calculate the greatest common divisor of 5391841 and 1351.
13